 57402058?
2, 7, 709, 5783
List the prime factors of 1775461539.
3, 37, 15995149
What are the prime factors of 256457014?
2, 11, 11657137
List the prime factors of 158983250.
2, 5, 229, 2777
What are the prime factors of 99091594?
2, 7, 7077971
List the prime factors of 1123629899.
7, 1021, 157217
List the prime factors of 1616460844.
2, 17, 109, 218087
List the prime factors of 2807047892.
2, 11, 31, 2057953
What are the prime factors of 359669318?
2, 179834659
What are the prime factors of 10810312?
2, 1351289
List the prime factors of 223012760.
2, 5, 31, 179849
List the prime factors of 57958948.
2, 757, 19141
What are the prime factors of 7542274883?
11, 13, 2251, 23431
List the prime factors of 72159529.
13, 5550733
What are the prime factors of 198381441?
3, 66127147
List the prime factors of 1591685747.
239, 6659773
List the prime factors of 50430877.
7, 379, 19009
What are the prime factors of 5868949259?
1291, 4546049
What are the prime factors of 644409206?
2, 7, 19, 71, 149, 229
List the prime factors of 522962841.
3, 7919, 22013
List the prime factors of 81028307.
17, 4766371
List the prime factors of 1936615790.
2, 5, 257, 753547
What are the prime factors of 96974117?
149, 650833
What are the prime factors of 300527263?
313, 960151
List the prime factors of 433583379.
3, 29, 547, 3037
What are the prime factors of 101798922?
2, 3, 19, 892973
List the prime factors of 2628393761.
7, 53640689
List the prime factors of 875889158.
2, 437944579
List the prime factors of 25572360.
2, 3, 5, 11, 19373
List the prime factors of 711093314.
2, 31, 2969, 3863
List the prime factors of 99681440.
2, 5, 623009
What are the prime factors of 1102845114?
2, 3, 7, 17, 514867
List the prime factors of 42269263.
73, 173, 3347
List the prime factors of 1335299337.
3, 311, 17669
What are the prime factors of 94996365?
3, 5, 151, 41941
What are the prime factors of 296473490?
2, 5, 5419, 5471
List the prime factors of 805080943.
31, 1531, 16963
What are the prime factors of 94806702?
2, 3, 5267039
List the prime factors of 18114512.
2, 13, 73, 1193
What are the prime factors of 66686673?
3, 31, 23131
What are the prime factors of 276610015?
5, 11, 5029273
List the prime factors of 208669925.
5, 8346797
List the prime factors of 1003940329.
7, 143420047
List the prime factors of 1821257088.
2, 3, 7, 43, 2251
List the prime factors of 9439694887.
7, 24623, 54767
What are the prime factors of 1711810956?
2, 3, 29, 4918997
List the prime factors of 83706919.
67, 647, 1931
What are the prime factors of 163542241?
163542241
List the prime factors of 274898105.
5, 29, 1171, 1619
What are the prime factors of 344801757?
3, 5003, 22973
What are the prime factors of 6495767?
223, 29129
List the prime factors of 46516482.
2, 3, 2584249
List the prime factors of 245654585.
5, 11, 4466447
List the prime factors of 868824228.
2, 3, 31, 2335549
What are the prime factors of 5978797335?
3, 5, 7, 18980309
What are the prime factors of 7533195440?
2, 5, 29, 433, 7499
List the prime factors of 40279019.
11, 79, 46351
List the prime factors of 41110935.
3, 5, 431, 6359
List the prime factors of 34055122.
2, 311, 54751
What are the prime factors of 1253432075?
5, 7, 7162469
What are the prime factors of 724102863?
3, 11, 19, 479, 2411
List the prime factors of 5718093227.
7, 11, 23, 3228737
List the prime factors of 486132093.
3, 59, 263
What are the prime factors of 94456128?
2, 3, 13, 41, 71
What are the prime factors of 49562251?
173, 286487
What are the prime factors of 665717381?
7, 281, 6907
List the prime factors of 299581838.
2, 1061, 141179
What are the prime factors of 864886900?
2, 5, 17, 59, 8623
What are the prime factors of 82341271?
1291, 63781
List the prime factors of 12695726.
2, 53, 119771
List the prime factors of 27056640.
2, 3, 5, 13, 271
What are the prime factors of 8092771?
1039, 7789
What are the prime factors of 834266244?
2, 3, 7, 9931741
What are the prime factors of 1959295171?
223, 8786077
What are the prime factors of 781906623?
3, 260635541
What are the prime factors of 71461379?
11, 73, 88993
What are the prime factors of 1265489621?
11, 103, 1116937
List the prime factors of 152726309.
152726309
What are the prime factors of 388952170?
2, 5, 4597, 8461
What are the prime factors of 306940227?
3, 11, 41, 61, 3719
List the prime factors of 66659763.
3, 61, 563, 647
What are the prime factors of 23452234?
2, 13, 902009
List the prime factors of 664683365.
5, 19, 2333, 2999
List the prime factors of 397197184.
2, 967, 3209
List the prime factors of 3702027.
3, 7, 173, 1019
What are the prime factors of 43281788?
2, 11, 97, 10141
List the prime factors of 516767701.
967, 534403
What are the prime factors of 52486002?
2, 3, 823, 1181
List the prime factors of 49978388.
2, 12494597
What are the prime factors of 42833395?
5, 11, 83, 853
What are the prime factors of 563337445?
5, 11, 10242499
List the prime factors of 5401629966.
2, 3, 19, 47382719
List the prime factors of 501181900.
2, 5, 71, 70589
List the prime factors of 206288162.
2, 5657, 18233
List the prime factors of 41111701.
719, 57179
List the prime factors of 3848703130.
2, 5, 1871, 205703
List the prime factors of 423419309.
179, 2365471
What are the prime factors of 2378131982?
2, 659, 1804349
List the prime factors of 68700095.
5, 13740019
What are the prime factors of 113355187?
11, 10305017
What are the prime factors of 120884507?
433, 279179
List the prime factors of 1512847294.
2, 7, 349, 309629
What are the prime factors of 303395917?
11, 43, 229, 2801
What are the prime factors of 55991869?
55991869
List the prime factors of 19244982.
2, 3, 839, 3823
What are the prime factors of 349931713?
89, 3931817
What are the prime factors of 1924940668?
2, 7, 17, 457, 8849
What are the prime factors of 327554255?
5, 7, 9358693
What are the prime factors of 4170319632?
2, 3, 28960553
What are the prime factors of 4703491572?
2, 3, 13, 19, 53, 79, 379
What are the prime factors of 11282211?
3, 43, 29153
What are the prime factors of 31594240?
2, 5, 24683
List the prime factors of 2911128287.
2911128287
List the prime factors of 3029696209.
3413, 887693
What are the prime factors of 2510629616?
2, 11, 14264941
What are the prime factors of 1837065718?
2, 433, 2121323
List the prime factors of 811908566.
2, 7, 3347, 17327
What are the prime factors of 1528383076?
2, 11, 41, 847219
What are the prime factors of 66470748?
2, 3, 17, 163, 1999
List the prime factors of 1794515861.
43, 151, 191, 1447
List the prime factors of 1556215520.
2, 5, 19, 619, 827
What are the prime factors of 4138537694?
2, 2069268847
What are the prime factors of 1144317449?
11, 59, 79, 2029
List the prime factors of 237837648.
2, 3, 4954951
List the prime factors of 1781923380.
2, 3, 5, 137, 216779
List the prime factors of 1426569232.
2, 11, 139, 58313
What are the prime factors of 3865057101?
3, 1447, 98929
List the prime factors of 60568345.
5, 12113669
List the prime factors of 681803232.
2, 3, 11, 645647
List the prime factors of 370058000.
2, 5, 13, 43, 331
List the prime factors of 725735876.
2, 263, 677, 1019
List the prime factors of 120839941.
71, 1701971
What are the prime factors of 38358196?
2, 37, 259177
List the prime factors of 2203368.
2, 3, 91807
What are the prime factors of 202317176?
2, 25289647
List the prime factors of 1989927765.
3, 5, 7, 6317231
List the prime factors of 195496375.
5, 1563971
List the prime factors of 124966665.
3, 5, 925679
What are the prime factors of 8492094891?
3, 7, 23, 73, 3823
What are the prime factors of 48571522?
2, 199, 122039
What are the prime factors of 173573610?
2, 3, 5, 7, 826541
What are the prime factors of 38080010?
2, 5, 3808001
List the prime factors of 154780866.
2, 3, 8598937
List the prime factors of 927329556.
2, 3, 77277463
What are the prime factors of 1172107130?
2, 5, 127, 181, 5099
List the prime factors of 138297235.
5, 251, 263, 419
List the prime factors of 447103935.
3, 5, 3311881
What are the prime factors of 37855295?
5, 29, 261071
List the prime factors of 254856562.
2, 127428281
List the prime factors of 1167576161.
1167576161
What are the prime factors of 20214265?
5, 103, 39251
List the prime factors of 5076781124.
2, 313, 769